{"id":202656,"date":"2026-07-30T10:04:09","date_gmt":"2026-07-30T09:04:09","guid":{"rendered":"https:\/\/bravaexperience.es\/listing\/can-rino\/"},"modified":"2026-09-01T07:13:50","modified_gmt":"2026-09-01T06:13:50","slug":"can-rino","status":"publish","type":"bly_property","link":"https:\/\/bravaexperience.es\/ca\/listing\/can-rino\/","title":{"rendered":"Can Rino"},"content":{"rendered":"<p>Can Rino \u00e9s un pis llumin\u00f3s situat a la primera planta d&#039;un petit edifici residencial, en una zona elevada de Cadaqu\u00e9s, que ofereix unes vistes panor\u00e0miques excepcionals sobre la badia i el poble.<\/p>\n<p>La propietat t\u00e9 una superf\u00edcie constru\u00efda d&#039;aproximadament 60 m\u00b2 i est\u00e0 distribu\u00efda en una sola planta. L&#039;acc\u00e9s \u00e9s per escales, cosa habitual en aquesta part del poble.<\/p>\n<p>Disseny:<\/p>\n<p>L&#039;apartament t\u00e9 dues habitacions:<\/p>\n<p>\u2022 Master bedroom with a double bed (160&#215;190) and air conditioning<br \/>\n\u2022 Bedroom with two single beds (90&#215;190)<\/p>\n<p>La capacitat m\u00e0xima \u00e9s de 4 hostes.<\/p>\n<p>El bany est\u00e0 totalment equipat amb banyera, assecador de cabells, calefacci\u00f3 i articles de tocador b\u00e0sics com ara gel de dutxa i paper higi\u00e8nic.<\/p>\n<p>La sala d&#039;estar consta d&#039;un sal\u00f3-menjador amb molta llum natural, connectat a la cuina totalment equipada. Disposa de forn, microones, placa d&#039;inducci\u00f3, rentadora, bullidor d&#039;aigua, cafetera Nespresso (c\u00e0psules petites) i diverses cafeteres moka italianes.<\/p>\n<p>La taula del menjador \u00e9s espaiosa, amb capacitat per a m\u00e9s de quatre persones.<\/p>\n<p>La sala d&#039;estar d\u00f3na a la terrassa privada, un dels elements m\u00e9s especials de la casa. Est\u00e0 moblada amb taula, cadires i gandules, i ofereix vistes panor\u00e0miques i elevades de la badia de Cadaqu\u00e9s, ideals per a esmorzars tranquils o per relaxar-se al final del dia.<\/p>\n<p>Els clients tamb\u00e9 tenen acc\u00e9s a la piscina comunit\u00e0ria, que est\u00e0 oberta de juny a finals de setembre i est\u00e0 inclosa en l&#039;estada.<\/p>\n<p>Per a la comoditat durant tot l&#039;any, el pis est\u00e0 equipat amb aire condicionat amb bomba de calor a la sala d&#039;estar i al dormitori principal, aix\u00ed com un radiador al menjador i un calefactor port\u00e0til al segon dormitori.<\/p>\n<p>La xemeneia no est\u00e0 en funcionament.<\/p>\n<p>Ubicaci\u00f3 i acc\u00e9s:<\/p>\n<p>La propietat est\u00e0 situada en un carrer al cim d&#039;un tur\u00f3, al l\u00edmit entre el poble i la zona muntanyosa, cosa que garanteix pau i tranquil\u00b7litat i unes vistes impressionants. A causa d&#039;aquesta ubicaci\u00f3, l&#039;acc\u00e9s implica un fort pendent i pot requerir l&#039;\u00fas d&#039;un cotxe o una bona mobilitat per despla\u00e7ar-se a peu.<\/p>\n<p>El trajecte a peu fins al centre i a la platja dura aproximadament 10 minuts, tenint en compte el pendent.<\/p>\n<p>A m\u00e9s, una part del carrer no t\u00e9 il\u00b7luminaci\u00f3 completa. Per aquest motiu, es proporcionen llanternes als hostes per a m\u00e9s comoditat a la nit.<\/p>\n<p>No hi ha aparcament privat a la propietat, tot i que hi ha opcions d&#039;aparcament a prop. Us proporcionarem informaci\u00f3 detallada a la guia de la casa despr\u00e9s de fer la reserva.<\/p>\n<p>Can Rino est\u00e0 situat en un terreny elevat a Cadaqu\u00e9s, a la frontera entre el poble i el camp, cosa que li confereix un ambient tranquil i silenci\u00f3s i la sensaci\u00f3 d&#039;un mirador sobre la badia.<\/p>\n<p>Es troba a uns 7 minuts a peu del centre, els restaurants i l&#039;ambient animat del poble, mentre que hi ha un petit supermercat a nom\u00e9s 5 minuts. Tamb\u00e9 hi ha aparcament a prop.<\/p>\n<p>A causa de la seva ubicaci\u00f3, l&#039;acc\u00e9s t\u00e9 un pendent, per la qual cosa es recomana per a clients amb bona mobilitat o a qui no els importi caminar o utilitzar el cotxe.<\/p>\n<p>A canvi, la zona ofereix unes vistes \u00faniques i sense obstacles, amb postes de sol espectaculars des de la terrassa, on es pot contemplar tota la badia i fins i tot el far a l&#039;horitz\u00f3.<\/p>","protected":false},"excerpt":{"rendered":"<p>Can Rino \u00e9s un apartament llumin\u00f3s amb terrassa i espectaculars vistes panor\u00e0miques sobre la badia de Cadaqu\u00e9s. Situat en una zona elevada i tranquil\u00b7la, combina privacitat i natura amb acc\u00e9s a una piscina compartida. Amb capacitat per a un m\u00e0xim de 4 persones, disposa de dues habitacions, una cuina totalment equipada i un espai exterior perfecte per gaudir del paisatge. Un lloc \u00fanic per viure Cadaqu\u00e9s des de dalt.<\/p>","protected":false},"featured_media":202657,"menu_order":0,"template":"","meta":{"_acf_changed":false},"bly_location":[],"bly_property_type":[947],"bly_amenity":[883,914,920,927,945],"bly_tag":[],"class_list":["post-202656","bly_property","type-bly_property","status-publish","has-post-thumbnail","hentry","bly_property_type-apartment","bly_amenity-ac","bly_amenity-heating","bly_amenity-kitchen","bly_amenity-patio","bly_amenity-wifi"],"acf":[],"_links":{"self":[{"href":"https:\/\/bravaexperience.es\/ca\/wp-json\/wp\/v2\/bly_property\/202656","targetHints":{"allow":["GET"]}}],"collection":[{"href":"https:\/\/bravaexperience.es\/ca\/wp-json\/wp\/v2\/bly_property"}],"about":[{"href":"https:\/\/bravaexperience.es\/ca\/wp-json\/wp\/v2\/types\/bly_property"}],"wp:featuredmedia":[{"embeddable":true,"href":"https:\/\/bravaexperience.es\/ca\/wp-json\/wp\/v2\/media\/202657"}],"wp:attachment":[{"href":"https:\/\/bravaexperience.es\/ca\/wp-json\/wp\/v2\/media?parent=202656"}],"wp:term":[{"taxonomy":"bly_location","embeddable":true,"href":"https:\/\/bravaexperience.es\/ca\/wp-json\/wp\/v2\/bly_location?post=202656"},{"taxonomy":"bly_property_type","embeddable":true,"href":"https:\/\/bravaexperience.es\/ca\/wp-json\/wp\/v2\/bly_property_type?post=202656"},{"taxonomy":"bly_amenity","embeddable":true,"href":"https:\/\/bravaexperience.es\/ca\/wp-json\/wp\/v2\/bly_amenity?post=202656"},{"taxonomy":"bly_tag","embeddable":true,"href":"https:\/\/bravaexperience.es\/ca\/wp-json\/wp\/v2\/bly_tag?post=202656"}],"curies":[{"name":"wp","href":"https:\/\/api.w.org\/{rel}","templated":true}]}}

<p>Can Rino és un pis lluminós situat a la primera planta d&#039;un petit edifici residencial, en una zona elevada de Cadaqués, que ofereix unes vistes panoràmiques excepcionals sobre la badia i el poble.</p>
<p>La propietat té una superfície construïda d&#039;aproximadament 60 m² i està distribuïda en una sola planta. L&#039;accés és per escales, cosa habitual en aquesta part del poble.</p>
<p>Disseny:</p>
<p>L&#039;apartament té dues habitacions:</p>
<p>• Master bedroom with a double bed (160&#215;190) and air conditioning<br />
• Bedroom with two single beds (90&#215;190)</p>
<p>La capacitat màxima és de 4 hostes.</p>
<p>El bany està totalment equipat amb banyera, assecador de cabells, calefacció i articles de tocador bàsics com ara gel de dutxa i paper higiènic.</p>
<p>La sala d&#039;estar consta d&#039;un saló-menjador amb molta llum natural, connectat a la cuina totalment equipada. Disposa de forn, microones, placa d&#039;inducció, rentadora, bullidor d&#039;aigua, cafetera Nespresso (càpsules petites) i diverses cafeteres moka italianes.</p>
<p>La taula del menjador és espaiosa, amb capacitat per a més de quatre persones.</p>
<p>La sala d&#039;estar dóna a la terrassa privada, un dels elements més especials de la casa. Està moblada amb taula, cadires i gandules, i ofereix vistes panoràmiques i elevades de la badia de Cadaqués, ideals per a esmorzars tranquils o per relaxar-se al final del dia.</p>
<p>Els clients també tenen accés a la piscina comunitària, que està oberta de juny a finals de setembre i està inclosa en l&#039;estada.</p>
<p>Per a la comoditat durant tot l&#039;any, el pis està equipat amb aire condicionat amb bomba de calor a la sala d&#039;estar i al dormitori principal, així com un radiador al menjador i un calefactor portàtil al segon dormitori.</p>
<p>La xemeneia no està en funcionament.</p>
<p>Ubicació i accés:</p>
<p>La propietat està situada en un carrer al cim d&#039;un turó, al límit entre el poble i la zona muntanyosa, cosa que garanteix pau i tranquil·litat i unes vistes impressionants. A causa d&#039;aquesta ubicació, l&#039;accés implica un fort pendent i pot requerir l&#039;ús d&#039;un cotxe o una bona mobilitat per desplaçar-se a peu.</p>
<p>El trajecte a peu fins al centre i a la platja dura aproximadament 10 minuts, tenint en compte el pendent.</p>
<p>A més, una part del carrer no té il·luminació completa. Per aquest motiu, es proporcionen llanternes als hostes per a més comoditat a la nit.</p>
<p>No hi ha aparcament privat a la propietat, tot i que hi ha opcions d&#039;aparcament a prop. Us proporcionarem informació detallada a la guia de la casa després de fer la reserva.</p>
<p>Can Rino està situat en un terreny elevat a Cadaqués, a la frontera entre el poble i el camp, cosa que li confereix un ambient tranquil i silenciós i la sensació d&#039;un mirador sobre la badia.</p>
<p>Es troba a uns 7 minuts a peu del centre, els restaurants i l&#039;ambient animat del poble, mentre que hi ha un petit supermercat a només 5 minuts. També hi ha aparcament a prop.</p>
<p>A causa de la seva ubicació, l&#039;accés té un pendent, per la qual cosa es recomana per a clients amb bona mobilitat o a qui no els importi caminar o utilitzar el cotxe.</p>
<p>A canvi, la zona ofereix unes vistes úniques i sense obstacles, amb postes de sol espectaculars des de la terrassa, on es pot contemplar tota la badia i fins i tot el far a l&#039;horitzó.</p>

<p>Can Rino és un apartament lluminós amb terrassa i espectaculars vistes panoràmiques sobre la badia de Cadaqués. Situat en una zona elevada i tranquil·la, combina privacitat i natura amb accés a una piscina compartida. Amb capacitat per a un màxim de 4 persones, disposa de dues habitacions, una cuina totalment equipada i un espai exterior perfecte per gaudir del paisatge. Un lloc únic per viure Cadaqués des de dalt.</p>
