{"id":202660,"date":"2026-07-30T10:04:16","date_gmt":"2026-07-30T09:04:16","guid":{"rendered":"https:\/\/bravaexperience.es\/listing\/duplex-sa-tarongeta-5-playa-i-ascensor-i-parking-privado-i-terraza-i-brava-experience\/"},"modified":"2026-09-01T07:13:54","modified_gmt":"2026-09-01T06:13:54","slug":"duplex-sa-tarongeta-5-playa-i-ascensor-i-parking-privado-i-terraza-i-experiencia-brava","status":"publish","type":"bly_property","link":"https:\/\/bravaexperience.es\/es\/listing\/duplex-sa-tarongeta-5-playa-i-ascensor-i-parking-privado-i-terraza-i-brava-experience\/","title":{"rendered":"D\u00faplex Sa Tarongeta \u2013 5\u2032 playa I ascensor I parking privado I terraza I Brava Experience"},"content":{"rendered":"<p>El D\u00faplex Sa Tarongeta es un apartamento moderno construido en 2010, situado a la entrada de Cadaqu\u00e9s. Dise\u00f1ado para alojar c\u00f3modamente hasta 6 personas, combina una ubicaci\u00f3n privilegiada, espacios bien dise\u00f1ados y comodidades poco comunes en el pueblo, como ascensor y aparcamiento privado.<\/p>\n<p>Configuraci\u00f3n de la cama:<\/p>\n<p>\u2022 Dormitorio principal con cama doble (150 x 200 cm).<\/p>\n<p>\u2022 Segundo dormitorio con una cama nido Sl\u00e4kt de Ikea y dos colchones individuales (90 x 200 cm).<\/p>\n<p>\u2022 Altillo con dos camas individuales (90 x 190 cm).<\/p>\n<p>La propiedad cuenta con una terraza privada, ideal para disfrutar del aire libre, as\u00ed como una cocina totalmente equipada y todas las comodidades necesarias para una estancia confortable.<\/p>\n<p>Para garantizar el confort durante todo el a\u00f1o, el apartamento cuenta con aire acondicionado centralizado con bomba de calor y radiadores suplementarios para los meses m\u00e1s fr\u00edos.<\/p>\n<p>El aparcamiento privado est\u00e1 incluido en la reserva. Debido a la distribuci\u00f3n del garaje compartido, el acceso implica varias curvas cerradas, por lo que resulta especialmente adecuado para coches medianos o cortos. Los veh\u00edculos m\u00e1s largos tambi\u00e9n pueden entrar con precauci\u00f3n. El uso de la plaza de aparcamiento es totalmente opcional y se proporcionan instrucciones detalladas antes de la llegada.<\/p>\n<p>La chimenea no est\u00e1 disponible para su uso.<\/p>\n<p>Las familias que necesiten una cuna pueden solicitarla con antelaci\u00f3n por un suplemento de 25 \u20ac.<\/p>\n<p>Se har\u00e1n esfuerzos para asegurar que toda la comunicaci\u00f3n es tan suave como sea posible. Esto se llevar\u00e1 a cabo a trav\u00e9s de tel\u00e9fonos m\u00f3viles de aplicaciones de mensajer\u00eda.<\/p>\n<p>APARCAMIENTO:<\/p>\n<p>De octubre a abril, hay muchas opciones de estacionamiento en la final de Sa Tarongeta misma Calle.<br \/>\nSi no, te sugerimos descargar temporalmente y, a continuaci\u00f3n, en busca de un lugar para estacionar.<\/p>\n<p>Libre: En la rotonda a la entrada de la aldea, de la cabeza hacia el \"Port Lligat\". Los signos aparecen a lo largo del camino.<\/p>\n<p>Pagado: Saba De La Riera De Sant Vicen\u00e7.<\/p>","protected":false},"excerpt":{"rendered":"<p>D\u00faplex moderno situado a la entrada de Cadaqu\u00e9s, a tan solo 5 minutos a pie de la playa y del centro. Con capacidad para hasta 6 personas, cuenta con terraza privada, ascensor y aparcamiento incluido, una combinaci\u00f3n poco com\u00fan en el pueblo. Su orientaci\u00f3n garantiza un ambiente agradable durante todo el a\u00f1o, mientras que su ubicaci\u00f3n en una tranquila calle sin salida proporciona paz y f\u00e1cil acceso en coche. Ideal para familias, parejas o grupos peque\u00f1os.<\/p>","protected":false},"featured_media":202661,"menu_order":0,"template":"","meta":{"_acf_changed":false},"bly_location":[],"bly_property_type":[947],"bly_amenity":[883,884,889,890,893,895,896,897,899,900,901,902,904,905,953,906,909,911,912,914,915,917,918,920,954,955,925,926,956,957,958,930,931,934,936,937,939,941,942,943,945,946],"bly_tag":[],"class_list":["post-202660","bly_property","type-bly_property","status-publish","has-post-thumbnail","hentry","bly_property_type-apartment","bly_amenity-ac","bly_amenity-alfresco_dining","bly_amenity-beach_access","bly_amenity-bed_linens","bly_amenity-body_soap","bly_amenity-ceiling_fan","bly_amenity-childrens_dinnerware","bly_amenity-clothes_drying_rack","bly_amenity-coffee_maker","bly_amenity-cooking_basics","bly_amenity-crib","bly_amenity-dining_table","bly_amenity-dishwasher","bly_amenity-dryer","bly_amenity-elevator","bly_amenity-essentials","bly_amenity-freezer","bly_amenity-hair_dryer","bly_amenity-hammock","bly_amenity-heating","bly_amenity-high_chair","bly_amenity-hot_water_kettle","bly_amenity-iron","bly_amenity-kitchen","bly_amenity-laundromat_nearby","bly_amenity-mountain_view","bly_amenity-outdoor_seating","bly_amenity-oven","bly_amenity-paid_parking","bly_amenity-pocket_wifi","bly_amenity-portable_fans","bly_amenity-refrigerator","bly_amenity-room_darkening_shades","bly_amenity-shower","bly_amenity-sound_system","bly_amenity-stove","bly_amenity-toaster","bly_amenity-tv","bly_amenity-wardrobe_or_closet","bly_amenity-washer","bly_amenity-wifi","bly_amenity-wine_glasses"],"acf":[],"_links":{"self":[{"href":"https:\/\/bravaexperience.es\/es\/wp-json\/wp\/v2\/bly_property\/202660","targetHints":{"allow":["GET"]}}],"collection":[{"href":"https:\/\/bravaexperience.es\/es\/wp-json\/wp\/v2\/bly_property"}],"about":[{"href":"https:\/\/bravaexperience.es\/es\/wp-json\/wp\/v2\/types\/bly_property"}],"wp:featuredmedia":[{"embeddable":true,"href":"https:\/\/bravaexperience.es\/es\/wp-json\/wp\/v2\/media\/202661"}],"wp:attachment":[{"href":"https:\/\/bravaexperience.es\/es\/wp-json\/wp\/v2\/media?parent=202660"}],"wp:term":[{"taxonomy":"bly_location","embeddable":true,"href":"https:\/\/bravaexperience.es\/es\/wp-json\/wp\/v2\/bly_location?post=202660"},{"taxonomy":"bly_property_type","embeddable":true,"href":"https:\/\/bravaexperience.es\/es\/wp-json\/wp\/v2\/bly_property_type?post=202660"},{"taxonomy":"bly_amenity","embeddable":true,"href":"https:\/\/bravaexperience.es\/es\/wp-json\/wp\/v2\/bly_amenity?post=202660"},{"taxonomy":"bly_tag","embeddable":true,"href":"https:\/\/bravaexperience.es\/es\/wp-json\/wp\/v2\/bly_tag?post=202660"}],"curies":[{"name":"wp","href":"https:\/\/api.w.org\/{rel}","templated":true}]}}

Dúplex Sa Tarongeta – 5′ playa I ascensor I parking privado I terraza I Brava Experience

<p>El Dúplex Sa Tarongeta es un apartamento moderno construido en 2010, situado a la entrada de Cadaqués. Diseñado para alojar cómodamente hasta 6 personas, combina una ubicación privilegiada, espacios bien diseñados y comodidades poco comunes en el pueblo, como ascensor y aparcamiento privado.</p>
<p>Configuración de la cama:</p>
<p>• Dormitorio principal con cama doble (150 x 200 cm).</p>
<p>• Segundo dormitorio con una cama nido Släkt de Ikea y dos colchones individuales (90 x 200 cm).</p>
<p>• Altillo con dos camas individuales (90 x 190 cm).</p>
<p>La propiedad cuenta con una terraza privada, ideal para disfrutar del aire libre, así como una cocina totalmente equipada y todas las comodidades necesarias para una estancia confortable.</p>
<p>Para garantizar el confort durante todo el año, el apartamento cuenta con aire acondicionado centralizado con bomba de calor y radiadores suplementarios para los meses más fríos.</p>
<p>El aparcamiento privado está incluido en la reserva. Debido a la distribución del garaje compartido, el acceso implica varias curvas cerradas, por lo que resulta especialmente adecuado para coches medianos o cortos. Los vehículos más largos también pueden entrar con precaución. El uso de la plaza de aparcamiento es totalmente opcional y se proporcionan instrucciones detalladas antes de la llegada.</p>
<p>La chimenea no está disponible para su uso.</p>
<p>Las familias que necesiten una cuna pueden solicitarla con antelación por un suplemento de 25 €.</p>
<p>Se harán esfuerzos para asegurar que toda la comunicación es tan suave como sea posible. Esto se llevará a cabo a través de teléfonos móviles de aplicaciones de mensajería.</p>
<p>APARCAMIENTO:</p>
<p>De octubre a abril, hay muchas opciones de estacionamiento en la final de Sa Tarongeta misma Calle.<br />
Si no, te sugerimos descargar temporalmente y, a continuación, en busca de un lugar para estacionar.</p>
<p>Libre: En la rotonda a la entrada de la aldea, de la cabeza hacia el "Port Lligat". Los signos aparecen a lo largo del camino.</p>
<p>Pagado: Saba De La Riera De Sant Vicenç.</p>

<p>Dúplex moderno situado a la entrada de Cadaqués, a tan solo 5 minutos a pie de la playa y del centro. Con capacidad para hasta 6 personas, cuenta con terraza privada, ascensor y aparcamiento incluido, una combinación poco común en el pueblo. Su orientación garantiza un ambiente agradable durante todo el año, mientras que su ubicación en una tranquila calle sin salida proporciona paz y fácil acceso en coche. Ideal para familias, parejas o grupos pequeños.</p>
